{"id":187,"date":"2020-09-29T09:25:41","date_gmt":"2020-09-29T07:25:41","guid":{"rendered":"http:\/\/localhost\/nastja\/?page_id=187"},"modified":"2020-11-21T15:16:04","modified_gmt":"2020-11-21T14:16:04","slug":"sportove-uspechy","status":"publish","type":"page","link":"https:\/\/www.anastasiakuzmina.com\/?page_id=187","title":{"rendered":"\u0160portov\u00e9 \u00faspechy"},"content":{"rendered":"\n<h3 class=\"has-text-align-left\"><span style=\"color:#d4af37\" class=\"has-inline-color\">Sez\u00f3na<\/span> <span style=\"color:#d4af37\" class=\"has-inline-color\">2018\/2019<\/span><\/h3>\n\n\n\n<figure class=\"wp-block-table alignwide\"><table><tbody><tr><td class=\"has-text-align-center\" data-align=\"center\"><strong>Umiestnenie<\/strong><\/td><td class=\"has-text-align-center\" data-align=\"center\"><strong>S\u00fa\u0165a\u017e<\/strong><\/td><td class=\"has-text-align-center\" data-align=\"center\"><strong>Miesto<\/strong><\/td><td class=\"has-text-align-center\" data-align=\"center\"><strong>Discipl\u00edna<\/strong><\/td><\/tr><tr><td class=\"has-text-align-center\" data-align=\"center\"><span style=\"color:#d4af37\" class=\"has-inline-color\">1. miesto<\/span><\/td><td class=\"has-text-align-center\" data-align=\"center\"><span style=\"color:#d4af37\" class=\"has-inline-color\">Majstrovstv\u00e1 sveta<\/span><\/td><td class=\"has-text-align-center\" data-align=\"center\">Oestersund \/ SWE<\/td><td class=\"has-text-align-center\" data-align=\"center\">Sprint<\/td><\/tr><tr><td class=\"has-text-align-center\" data-align=\"center\"><span style=\"color:#d4af37\" class=\"has-inline-color\">1. miesto<\/span><\/td><td class=\"has-text-align-center\" data-align=\"center\">Svetov\u00fd poh\u00e1r<\/td><td class=\"has-text-align-center\" data-align=\"center\">Nov\u00e9 Mesto na Morave \/ CZE<\/td><td class=\"has-text-align-center\" data-align=\"center\">Mass start<\/td><\/tr><tr><td class=\"has-text-align-center\" data-align=\"center\"><span style=\"color:#d4af37\" class=\"has-inline-color\">1. miesto<\/span><\/td><td class=\"has-text-align-center\" data-align=\"center\">Svetov\u00fd poh\u00e1r<\/td><td class=\"has-text-align-center\" data-align=\"center\">Oslo \/ NOR<\/td><td class=\"has-text-align-center\" data-align=\"center\">Sprint<\/td><\/tr><tr><td class=\"has-text-align-center\" data-align=\"center\"><span style=\"color:#d4af37\" class=\"has-inline-color\">1. miesto<\/span><\/td><td class=\"has-text-align-center\" data-align=\"center\">Svetov\u00fd poh\u00e1r<\/td><td class=\"has-text-align-center\" data-align=\"center\">Oslo \/ NOR<\/td><td class=\"has-text-align-center\" data-align=\"center\">Pursuite<\/td><\/tr><tr><td class=\"has-text-align-center\" data-align=\"center\"><span style=\"color:#d4af37\" class=\"has-inline-color\">1. miesto<\/span><\/td><td class=\"has-text-align-center\" data-align=\"center\">Svetov\u00fd poh\u00e1r<\/td><td class=\"has-text-align-center\" data-align=\"center\">Ruhpolding \/ GER<\/td><td class=\"has-text-align-center\" data-align=\"center\">Sprint<\/td><\/tr><tr><td class=\"has-text-align-center\" data-align=\"center\"><span style=\"color:#d6d6d6\" class=\"has-inline-color\">2. miesto<\/span><\/td><td class=\"has-text-align-center\" data-align=\"center\">Svetov\u00fd poh\u00e1r<\/td><td class=\"has-text-align-center\" data-align=\"center\">Oberhof \/ GER<\/td><td class=\"has-text-align-center\" data-align=\"center\">Pursuite<\/td><\/tr><\/tbody><\/table><\/figure>\n\n\n\n<h3 class=\"has-text-align-left\"><span style=\"color:#d4af37\" class=\"has-inline-color\">Sez\u00f3na<\/span> <span style=\"color:#d4af37\" class=\"has-inline-color\">2017\/2018<\/span><\/h3>\n\n\n\n<figure class=\"wp-block-table alignwide\"><table><tbody><tr><td class=\"has-text-align-center\" data-align=\"center\"><strong>Umiestnenie<\/strong><\/td><td class=\"has-text-align-center\" data-align=\"center\"><strong>S\u00fa\u0165a\u017e<\/strong><\/td><td class=\"has-text-align-center\" data-align=\"center\"><strong>Miesto<\/strong><\/td><td class=\"has-text-align-center\" data-align=\"center\"><strong>Discipl\u00edna<\/strong><\/td><\/tr><tr><td class=\"has-text-align-center\" data-align=\"center\"><span style=\"color:#d4af37\" class=\"has-inline-color\">1. miesto<\/span><\/td><td class=\"has-text-align-center\" data-align=\"center\"><span style=\"color:#d4af37\" class=\"has-inline-color\">Olympijsk\u00e9 hry<\/span>  <\/td><td class=\"has-text-align-center\" data-align=\"center\">Pyeong Chang \/ KOR<\/td><td class=\"has-text-align-center\" data-align=\"center\">Mass start<\/td><\/tr><tr><td class=\"has-text-align-center\" data-align=\"center\"><span style=\"color:#d4af37\" class=\"has-inline-color\">1. miesto<\/span><\/td><td class=\"has-text-align-center\" data-align=\"center\">Svetov\u00fd poh\u00e1r<\/td><td class=\"has-text-align-center\" data-align=\"center\">Oberhof \/ GER<\/td><td class=\"has-text-align-center\" data-align=\"center\">Pursuite<\/td><\/tr><tr><td class=\"has-text-align-center\" data-align=\"center\"><span style=\"color:#d4af37\" class=\"has-inline-color\">1. miesto<\/span><\/td><td class=\"has-text-align-center\" data-align=\"center\">Svetov\u00fd poh\u00e1r<\/td><td class=\"has-text-align-center\" data-align=\"center\">Hochfilzen \/ AUT<\/td><td class=\"has-text-align-center\" data-align=\"center\">Pursuite<\/td><\/tr><tr><td class=\"has-text-align-center\" data-align=\"center\"><span style=\"color:#d4af37\" class=\"has-inline-color\">1. miesto<\/span><\/td><td class=\"has-text-align-center\" data-align=\"center\">Svetov\u00fd poh\u00e1r<\/td><td class=\"has-text-align-center\" data-align=\"center\">Oslo \/ NOR<\/td><td class=\"has-text-align-center\" data-align=\"center\">Sprint<\/td><\/tr><tr><td class=\"has-text-align-center\" data-align=\"center\"><span style=\"color:#d4af37\" class=\"has-inline-color\">1. miesto<\/span><\/td><td class=\"has-text-align-center\" data-align=\"center\">Svetov\u00fd poh\u00e1r<\/td><td class=\"has-text-align-center\" data-align=\"center\">Oberhof \/ GER<\/td><td class=\"has-text-align-center\" data-align=\"center\">Sprint<\/td><\/tr><tr><td class=\"has-text-align-center\" data-align=\"center\"><span style=\"color:#d4af37\" class=\"has-inline-color\">1. miesto<\/span><\/td><td class=\"has-text-align-center\" data-align=\"center\">Svetov\u00fd poh\u00e1r<\/td><td class=\"has-text-align-center\" data-align=\"center\">Annecy \/ FRA<\/td><td class=\"has-text-align-center\" data-align=\"center\">Sprint<\/td><\/tr><tr><td class=\"has-text-align-center\" data-align=\"center\"><span style=\"color:#d6d6d6\" class=\"has-inline-color\">2. miesto<\/span><\/td><td class=\"has-text-align-center\" data-align=\"center\"><span style=\"color:#d6d6d6\" class=\"has-inline-color\">Olympijsk\u00e9 hry<\/span>  <\/td><td class=\"has-text-align-center\" data-align=\"center\">Pyeong Chang \/ KOR<\/td><td class=\"has-text-align-center\" data-align=\"center\">Individual<\/td><\/tr><tr><td class=\"has-text-align-center\" data-align=\"center\"><span style=\"color:#d6d6d6\" class=\"has-inline-color\">2. miesto<\/span><\/td><td class=\"has-text-align-center\" data-align=\"center\"><span style=\"color:#d6d6d6\" class=\"has-inline-color\">Olympijsk\u00e9 hry<\/span>  <\/td><td class=\"has-text-align-center\" data-align=\"center\">Pyeong Chang \/ KOR<\/td><td class=\"has-text-align-center\" data-align=\"center\">Pursuite<\/td><\/tr><tr><td class=\"has-text-align-center\" data-align=\"center\"><span style=\"color:#d6d6d6\" class=\"has-inline-color\">2. miesto<\/span><\/td><td class=\"has-text-align-center\" data-align=\"center\">Svetov\u00fd poh\u00e1r<\/td><td class=\"has-text-align-center\" data-align=\"center\">Antholz \/ ITA<\/td><td class=\"has-text-align-center\" data-align=\"center\">Mass start<\/td><\/tr><tr><td class=\"has-text-align-center\" data-align=\"center\"><span style=\"color:#d6d6d6\" class=\"has-inline-color\">2. miesto<\/span><\/td><td class=\"has-text-align-center\" data-align=\"center\">Svetov\u00fd poh\u00e1r<\/td><td class=\"has-text-align-center\" data-align=\"center\">Oslo \/ NOR<\/td><td class=\"has-text-align-center\" data-align=\"center\">Pursuite<\/td><\/tr><tr><td class=\"has-text-align-center\" data-align=\"center\"><span style=\"color:#d6d6d6\" class=\"has-inline-color\">2. miesto<\/span><\/td><td class=\"has-text-align-center\" data-align=\"center\">Svetov\u00fd poh\u00e1r<\/td><td class=\"has-text-align-center\" data-align=\"center\">Annecy \/ FRA<\/td><td class=\"has-text-align-center\" data-align=\"center\">Pursuite<\/td><\/tr><tr><td class=\"has-text-align-center\" data-align=\"center\"><span style=\"color:#d6d6d6\" class=\"has-inline-color\">2. miesto<\/span><\/td><td class=\"has-text-align-center\" data-align=\"center\">Svetov\u00fd poh\u00e1r<\/td><td class=\"has-text-align-center\" data-align=\"center\">Hochfilzen \/ AUT<\/td><td class=\"has-text-align-center\" data-align=\"center\">Sprint<\/td><\/tr><\/tbody><\/table><\/figure>\n\n\n\n<h3 class=\"has-text-align-left\"><span style=\"color:#d4af37\" class=\"has-inline-color\">Sez\u00f3na<\/span> <span style=\"color:#d4af37\" class=\"has-inline-color\">2013\/2014<\/span><\/h3>\n\n\n\n<figure class=\"wp-block-table alignwide\"><table><tbody><tr><td class=\"has-text-align-center\" data-align=\"center\"><strong>Umiestnenie<\/strong><\/td><td class=\"has-text-align-center\" data-align=\"center\"><strong>S\u00fa\u0165a\u017e<\/strong><\/td><td class=\"has-text-align-center\" data-align=\"center\"><strong>Miesto<\/strong><\/td><td class=\"has-text-align-center\" data-align=\"center\"><strong>Discipl\u00edna<\/strong><\/td><\/tr><tr><td class=\"has-text-align-center\" data-align=\"center\"><span style=\"color:#d4af37\" class=\"has-inline-color\">1. miesto<\/span><\/td><td class=\"has-text-align-center\" data-align=\"center\"><span style=\"color:#d4af37\" class=\"has-inline-color\">Olympijsk\u00e9 hry<\/span>   <\/td><td class=\"has-text-align-center\" data-align=\"center\">Sochi \/ RUS <\/td><td class=\"has-text-align-center\" data-align=\"center\">Sprint<\/td><\/tr><tr><td class=\"has-text-align-center\" data-align=\"center\"><span style=\"color:#d4af37\" class=\"has-inline-color\">1. miesto<\/span><\/td><td class=\"has-text-align-center\" data-align=\"center\">Svetov\u00fd poh\u00e1r<\/td><td class=\"has-text-align-center\" data-align=\"center\">Oslo \/ NOR<\/td><td class=\"has-text-align-center\" data-align=\"center\">Mass start<\/td><\/tr><tr><td class=\"has-text-align-center\" data-align=\"center\"><span style=\"color:#d4af37\" class=\"has-inline-color\">1. miesto<\/span><\/td><td class=\"has-text-align-center\" data-align=\"center\">Svetov\u00fd poh\u00e1r<\/td><td class=\"has-text-align-center\" data-align=\"center\">Oslo \/ NOR<\/td><td class=\"has-text-align-center\" data-align=\"center\">Pursuite<\/td><\/tr><tr><td class=\"has-text-align-center\" data-align=\"center\">2. miesto<\/td><td class=\"has-text-align-center\" data-align=\"center\">Svetov\u00fd poh\u00e1r<\/td><td class=\"has-text-align-center\" data-align=\"center\">Oestersund \/ SWE<\/td><td class=\"has-text-align-center\" data-align=\"center\">Individual<\/td><\/tr><\/tbody><\/table><\/figure>\n\n\n\n<h3 class=\"has-text-align-left\"><span style=\"color:#d4af37\" class=\"has-inline-color\">Sez\u00f3na<\/span> <span style=\"color:#d4af37\" class=\"has-inline-color\">2012\/2013<\/span><\/h3>\n\n\n\n<figure class=\"wp-block-table alignwide\"><table><tbody><tr><td class=\"has-text-align-center\" data-align=\"center\"><strong>Umiestnenie<\/strong><\/td><td class=\"has-text-align-center\" data-align=\"center\"><strong>S\u00fa\u0165a\u017e<\/strong><\/td><td class=\"has-text-align-center\" data-align=\"center\"><strong>Miesto<\/strong><\/td><td class=\"has-text-align-center\" data-align=\"center\"><strong>Discipl\u00edna<\/strong><\/td><\/tr><tr><td class=\"has-text-align-center\" data-align=\"center\"><span style=\"color:#d4af37\" class=\"has-inline-color\">1. miesto<\/span><\/td><td class=\"has-text-align-center\" data-align=\"center\">Svetov\u00fd poh\u00e1r<\/td><td class=\"has-text-align-center\" data-align=\"center\">Antholz \/ ITA<\/td><td class=\"has-text-align-center\" data-align=\"center\">Sprint<\/td><\/tr><tr><td class=\"has-text-align-center\" data-align=\"center\"><span style=\"color:#d6d6d6\" class=\"has-inline-color\">2. miesto<\/span><\/td><td class=\"has-text-align-center\" data-align=\"center\">Svetov\u00fd poh\u00e1r<\/td><td class=\"has-text-align-center\" data-align=\"center\">Oslo \/ NOR<\/td><td class=\"has-text-align-center\" data-align=\"center\">Mass start<\/td><\/tr><tr><td class=\"has-text-align-center\" data-align=\"center\"><span style=\"color:#d6d6d6\" class=\"has-inline-color\">2. miesto<\/span><\/td><td class=\"has-text-align-center\" data-align=\"center\">Svetov\u00fd poh\u00e1r<\/td><td class=\"has-text-align-center\" data-align=\"center\">Sochi \/ RUS<\/td><td class=\"has-text-align-center\" data-align=\"center\">Sprint<\/td><\/tr><tr><td class=\"has-text-align-center\" data-align=\"center\"><span style=\"color:#aa7400\" class=\"has-inline-color\">3. miesto<\/span><\/td><td class=\"has-text-align-center\" data-align=\"center\">Svetov\u00fd poh\u00e1r<\/td><td class=\"has-text-align-center\" data-align=\"center\">Oslo \/ NOR<\/td><td class=\"has-text-align-center\" data-align=\"center\">Sprint<\/td><\/tr><tr><td class=\"has-text-align-center\" data-align=\"center\"><span style=\"color:#aa7400\" class=\"has-inline-color\">3. miesto<\/span><\/td><td class=\"has-text-align-center\" data-align=\"center\">Svetov\u00fd poh\u00e1r<\/td><td class=\"has-text-align-center\" data-align=\"center\">Oslo \/ NOR<\/td><td class=\"has-text-align-center\" data-align=\"center\">Pursuite<\/td><\/tr><\/tbody><\/table><\/figure>\n\n\n\n<h3 class=\"has-text-align-left\"><span style=\"color:#d4af37\" class=\"has-inline-color\">Sez\u00f3na<\/span> <span style=\"color:#d4af37\" class=\"has-inline-color\">2011\/2012<\/span><\/h3>\n\n\n\n<figure class=\"wp-block-table alignwide\"><table><tbody><tr><td class=\"has-text-align-center\" data-align=\"center\"><strong>Umiestnenie<\/strong><\/td><td class=\"has-text-align-center\" data-align=\"center\"><strong>S\u00fa\u0165a\u017e<\/strong><\/td><td class=\"has-text-align-center\" data-align=\"center\"><strong>Miesto<\/strong><\/td><td class=\"has-text-align-center\" data-align=\"center\"><strong>Discipl\u00edna<\/strong><\/td><\/tr><tr><td class=\"has-text-align-center\" data-align=\"center\"><span style=\"color:#d6d6d6\" class=\"has-inline-color\">2. miesto<\/span><\/td><td class=\"has-text-align-center\" data-align=\"center\">Svetov\u00fd poh\u00e1r<\/td><td class=\"has-text-align-center\" data-align=\"center\">Antholz \/ ITA<\/td><td class=\"has-text-align-center\" data-align=\"center\">Mass start<\/td><\/tr><\/tbody><\/table><\/figure>\n\n\n\n<h3 class=\"has-text-align-left\"><span style=\"color:#d4af37\" class=\"has-inline-color\">Sez\u00f3na<\/span> <span style=\"color:#d4af37\" class=\"has-inline-color\">2010\/2011<\/span><\/h3>\n\n\n\n<figure class=\"wp-block-table alignwide\"><table><tbody><tr><td class=\"has-text-align-center\" data-align=\"center\"><strong>Umiestnenie<\/strong><\/td><td class=\"has-text-align-center\" data-align=\"center\"><strong>S\u00fa\u0165a\u017e<\/strong><\/td><td class=\"has-text-align-center\" data-align=\"center\"><strong>Miesto<\/strong><\/td><td class=\"has-text-align-center\" data-align=\"center\"><strong>Discipl\u00edna<\/strong><\/td><\/tr><tr><td class=\"has-text-align-center\" data-align=\"center\"><span style=\"color:#d4af37\" class=\"has-inline-color\">1. miesto<\/span><\/td><td class=\"has-text-align-center\" data-align=\"center\">Svetov\u00fd poh\u00e1r<\/td><td class=\"has-text-align-center\" data-align=\"center\">Oslo \/ NOR<\/td><td class=\"has-text-align-center\" data-align=\"center\">Pursuite<\/td><\/tr><tr><td class=\"has-text-align-center\" data-align=\"center\"><span style=\"color:#d4af37\" class=\"has-inline-color\">1. miesto<\/span><\/td><td class=\"has-text-align-center\" data-align=\"center\">Svetov\u00fd poh\u00e1r<\/td><td class=\"has-text-align-center\" data-align=\"center\">Hochfilzen \/ AUT<\/td><td class=\"has-text-align-center\" data-align=\"center\">Sprint<\/td><\/tr><tr><td class=\"has-text-align-center\" data-align=\"center\"><span style=\"color:#d6d6d6\" class=\"has-inline-color\">2. miesto<\/span><\/td><td class=\"has-text-align-center\" data-align=\"center\">Svetov\u00fd poh\u00e1r<\/td><td class=\"has-text-align-center\" data-align=\"center\">Antholz \/ ITA<\/td><td class=\"has-text-align-center\" data-align=\"center\">Sprint<\/td><\/tr><tr><td class=\"has-text-align-center\" data-align=\"center\"><span style=\"color:#d6d6d6\" class=\"has-inline-color\">2. miesto<\/span><\/td><td class=\"has-text-align-center\" data-align=\"center\">Svetov\u00fd poh\u00e1r<\/td><td class=\"has-text-align-center\" data-align=\"center\">Pokljuka \/ Slo<\/td><td class=\"has-text-align-center\" data-align=\"center\">Sprint<\/td><\/tr><tr><td class=\"has-text-align-center\" data-align=\"center\"><span style=\"color:#aa7400\" class=\"has-inline-color\">3. miesto<\/span><\/td><td class=\"has-text-align-center\" data-align=\"center\"><span style=\"color:#aa7400\" class=\"has-inline-color\">Majstrovstv\u00e1 sveta<\/span><\/td><td class=\"has-text-align-center\" data-align=\"center\">Khanty-Mansiysk \/ RUS<\/td><td class=\"has-text-align-center\" data-align=\"center\">Sprint<\/td><\/tr><\/tbody><\/table><\/figure>\n\n\n\n<h3 class=\"has-text-align-left\"><span style=\"color:#d4af37\" class=\"has-inline-color\">Sez\u00f3na<\/span> <span style=\"color:#d4af37\" class=\"has-inline-color\">2009\/2010<\/span><\/h3>\n\n\n\n<figure class=\"wp-block-table alignwide\"><table><tbody><tr><td class=\"has-text-align-center\" data-align=\"center\"><strong>Umiestnenie<\/strong><\/td><td class=\"has-text-align-center\" data-align=\"center\"><strong>S\u00fa\u0165a\u017e<\/strong><\/td><td class=\"has-text-align-center\" data-align=\"center\"><strong>Miesto<\/strong><\/td><td class=\"has-text-align-center\" data-align=\"center\"><strong>Discipl\u00edna<\/strong><\/td><\/tr><tr><td class=\"has-text-align-center\" data-align=\"center\"><span style=\"color:#d4af37\" class=\"has-inline-color\">1. miesto<\/span><\/td><td class=\"has-text-align-center\" data-align=\"center\"><span style=\"color:#d4af37\" class=\"has-inline-color\">Olympijsk\u00e9 hry<\/span> <\/td><td class=\"has-text-align-center\" data-align=\"center\">Whistler \/ CAN<\/td><td class=\"has-text-align-center\" data-align=\"center\">Sprint<\/td><\/tr><tr><td class=\"has-text-align-center\" data-align=\"center\"><span style=\"color:#d6d6d6\" class=\"has-inline-color\">2. miesto<\/span><\/td><td class=\"has-text-align-center\" data-align=\"center\"><span style=\"color:#d6d6d6\" class=\"has-inline-color\">Olympijsk\u00e9 hry<\/span> <\/td><td class=\"has-text-align-center\" data-align=\"center\">Whistler \/ CAN<\/td><td class=\"has-text-align-center\" data-align=\"center\">Pursuite<\/td><\/tr><tr><td class=\"has-text-align-center\" data-align=\"center\"><span style=\"color:#aa7400\" class=\"has-inline-color\">3. miesto<\/span><\/td><td class=\"has-text-align-center\" data-align=\"center\">Svetov\u00fd poh\u00e1r<\/td><td class=\"has-text-align-center\" data-align=\"center\">Pokljuka \/ Slo<\/td><td class=\"has-text-align-center\" data-align=\"center\">Individual<\/td><\/tr><tr><td class=\"has-text-align-center\" data-align=\"center\"><span style=\"color:#aa7400\" class=\"has-inline-color\">3. miesto<\/span><\/td><td class=\"has-text-align-center\" data-align=\"center\">Svetov\u00fd poh\u00e1r<\/td><td class=\"has-text-align-center\" data-align=\"center\">Khanty-Mansiysk \/ RUS<\/td><td class=\"has-text-align-center\" data-align=\"center\">Mass start<\/td><\/tr><\/tbody><\/table><\/figure>\n\n\n\n<h3 class=\"has-text-align-left\"><span style=\"color:#d4af37\" class=\"has-inline-color\">Sez\u00f3na<\/span> <span style=\"color:#d4af37\" class=\"has-inline-color\">2008\/2009<\/span><\/h3>\n\n\n\n<figure class=\"wp-block-table alignwide\"><table><tbody><tr><td class=\"has-text-align-center\" data-align=\"center\"><strong>Umiestnenie<\/strong><\/td><td class=\"has-text-align-center\" data-align=\"center\"><strong>S\u00fa\u0165a\u017e<\/strong><\/td><td class=\"has-text-align-center\" data-align=\"center\"><strong>Miesto<\/strong><\/td><td class=\"has-text-align-center\" data-align=\"center\"><strong>Discipl\u00edna<\/strong><\/td><\/tr><tr><td class=\"has-text-align-center\" data-align=\"center\"><span style=\"color:#d6d6d6\" class=\"has-inline-color\">2. miesto<\/span><\/td><td class=\"has-text-align-center\" data-align=\"center\"><span style=\"color:#d6d6d6\" class=\"has-inline-color\">Majstrovstv\u00e1 sveta<\/span> <\/td><td class=\"has-text-align-center\" data-align=\"center\">Pyeong Chang \/ KOR<\/td><td class=\"has-text-align-center\" data-align=\"center\">Mass start<\/td><\/tr><\/tbody><\/table><\/figure>\n","protected":false},"excerpt":{"rendered":"<p>Sez\u00f3na 2018\/2019 Umiestnenie S\u00fa\u0165a\u017e Miesto Discipl\u00edna 1. miesto Majstrovstv\u00e1 sveta Oestersund \/ SWE Sprint 1. miesto Svetov\u00fd poh\u00e1r Nov\u00e9 Mesto&hellip;<\/p>\n","protected":false},"author":1,"featured_media":0,"parent":2,"menu_order":0,"comment_status":"closed","ping_status":"closed","template":"","meta":[],"_links":{"self":[{"href":"https:\/\/www.anastasiakuzmina.com\/index.php?rest_route=\/wp\/v2\/pages\/187"}],"collection":[{"href":"https:\/\/www.anastasiakuzmina.com\/index.php?rest_route=\/wp\/v2\/pages"}],"about":[{"href":"https:\/\/www.anastasiakuzmina.com\/index.php?rest_route=\/wp\/v2\/types\/page"}],"author":[{"embeddable":true,"href":"https:\/\/www.anastasiakuzmina.com\/index.php?rest_route=\/wp\/v2\/users\/1"}],"replies":[{"embeddable":true,"href":"https:\/\/www.anastasiakuzmina.com\/index.php?rest_route=%2Fwp%2Fv2%2Fcomments&post=187"}],"version-history":[{"count":47,"href":"https:\/\/www.anastasiakuzmina.com\/index.php?rest_route=\/wp\/v2\/pages\/187\/revisions"}],"predecessor-version":[{"id":566,"href":"https:\/\/www.anastasiakuzmina.com\/index.php?rest_route=\/wp\/v2\/pages\/187\/revisions\/566"}],"up":[{"embeddable":true,"href":"https:\/\/www.anastasiakuzmina.com\/index.php?rest_route=\/wp\/v2\/pages\/2"}],"wp:attachment":[{"href":"https:\/\/www.anastasiakuzmina.com\/index.php?rest_route=%2Fwp%2Fv2%2Fmedia&parent=187"}],"curies":[{"name":"wp","href":"https:\/\/api.w.org\/{rel}","templated":true}]}}